		{"id":472,"date":"2016-05-20T10:25:52","date_gmt":"2016-05-20T08:25:52","guid":{"rendered":"http:\/\/www.billia.it\/grandhotelbillia\/?page_id=472"},"modified":"2022-05-31T15:22:25","modified_gmt":"2022-05-31T13:22:25","slug":"location-matrimonio-valle-daosta","status":"publish","type":"page","link":"https:\/\/www.billia.it\/grandhotelbillia\/location-matrimonio-valle-daosta\/","title":{"rendered":"Location per matrimonio in Valle d&#8217;Aosta"},"content":{"rendered":"[vc_row full_width=&#8221;stretch_row&#8221; css=&#8221;.vc_custom_1645174784162{padding-top: 111px !important;padding-bottom: 77px !important;}&#8221;][vc_column][vc_row_inner][vc_column_inner][vc_custom_heading text=&#8221;Concediti una giornata&#8221; font_container=&#8221;tag:p|font_size:19px|text_align:center|color:%23878271&#8243; google_fonts=&#8221;font_family:Roboto%20Slab%3A100%2C300%2Cregular%2C700|font_style:400%20regular%3A400%3Anormal&#8221;][vc_custom_heading text=&#8221;Indimenticabile&#8221; font_container=&#8221;tag:p|font_size:59px|text_align:center|color:%23ab7d20&#8243; google_fonts=&#8221;font_family:Lato%3A100%2C100italic%2C300%2C300italic%2Cregular%2Citalic%2C700%2C700italic%2C900%2C900italic|font_style:400%20regular%3A400%3Anormal&#8221; css=&#8221;.vc_custom_1654003270220{margin-top: -5px !important;}&#8221;][\/vc_column_inner][\/vc_row_inner][vc_row_inner css=&#8221;.vc_custom_1645254743717{padding-top: 77px !important;}&#8221;][vc_column_inner width=&#8221;1\/4&#8243;][\/vc_column_inner][vc_column_inner width=&#8221;1\/4&#8243; offset=&#8221;vc_hidden-md vc_hidden-sm&#8221;][vc_column_text css_animation=&#8221;left-to-right&#8221; css=&#8221;.vc_custom_1646133564281{padding-right: 20px !important;padding-left: 20px !important;}&#8221;]Regalatevi un\u2019esperienza fuori dal comune: dirsi s\u00ec nella raffinata scenografia del Grand H\u00f4tel Billia!<br \/>\nTrasformate il vostro matrimonio nel ricordo pi\u00f9 bello per voi e per i vostri ospiti &#8211; coccolati dal nostro team &#8211; in un ambiente dove il giorno pi\u00f9 bello della vostra vita unir\u00e0 la calda accoglienza della tradizione alla raffinatezza della cucina \u201cdi cuore\u201d dei nostri Chef.<br \/>\nMetteremo a vostra disposizione l\u2019unicit\u00e0 e l\u2019esclusivit\u00e0 dei nostri spazi; la competenza della nostra esperienza insieme con il supporto dei migliori Wedding Planner, affinch\u00e9 ogni dettaglio parli di voi e della vostra meravigliosa storia.[\/vc_column_text][\/vc_column_inner][vc_column_inner width=&#8221;1\/4&#8243; offset=&#8221;vc_hidden-md vc_hidden-sm&#8221;][vc_column_text css_animation=&#8221;right-to-left&#8221; css=&#8221;.vc_custom_1646133570353{padding-right: 20px !important;padding-left: 20px !important;}&#8221;]Possiamo organizzare un magnifico ricevimento nei nostri ristoranti, trasformare il nostro parco in uno straordinario salone di ricevimento a cielo aperto, o protetto dalla pi\u00f9 scenografica tensostruttura.<br \/>\nFesteggeremo la vostra felicit\u00e0 regalandovi momenti indimenticabili in una suite di assoluta meraviglia e, nel nostro splendido Centro Benessere, vi aspetta un momento di coccole indimenticabili!<br \/>\nNon solo, la vostra famiglia e gli ospiti pi\u00f9 cari potranno restare insieme a voi prima e dopo la cerimonia e continuare la festa sui tavoli da gioco di uno dei maggiori Casino d\u2019Europa\u2026<br \/>\nCos\u2019altro?[\/vc_column_text][\/vc_column_inner][vc_column_inner width=&#8221;1\/4&#8243;][\/vc_column_inner][\/vc_row_inner][vc_row_inner css=&#8221;.vc_custom_1645254831785{padding-top: 23px !important;padding-bottom: 77px !important;}&#8221;][vc_column_inner offset=&#8221;vc_hidden-lg vc_hidden-xs&#8221;][vc_column_text css_animation=&#8221;left-to-right&#8221; css=&#8221;.vc_custom_1646133576416{padding-right: 20px !important;padding-left: 20px !important;}&#8221;]\n<p style=\"text-align: center;\">Regalatevi un\u2019esperienza fuori dal comune: dirsi s\u00ec nella raffinata scenografia del Grand H\u00f4tel Billia!<br \/>\nTrasformate il vostro matrimonio nel ricordo pi\u00f9 bello per voi e per i vostri ospiti &#8211; coccolati dal nostro team &#8211; in un ambiente dove il giorno pi\u00f9 bello della vostra vita unir\u00e0 la calda accoglienza della tradizione alla raffinatezza della cucina \u201cdi cuore\u201d dei nostri Chef.<br \/>\nMetteremo a vostra disposizione l\u2019unicit\u00e0 e l\u2019esclusivit\u00e0 dei nostri spazi; la competenza della nostra esperienza insieme con il supporto dei migliori Wedding Planner, affinch\u00e9 ogni dettaglio parli di voi e della vostra meravigliosa storia.<\/p>\n[\/vc_column_text][vc_column_text css_animation=&#8221;right-to-left&#8221; css=&#8221;.vc_custom_1645254806833{padding-right: 20px !important;padding-left: 20px !important;}&#8221;]\n<p style=\"text-align: center;\">Possiamo organizzare un magnifico ricevimento nei nostri ristoranti, trasformare il nostro parco in uno straordinario salone di ricevimento a cielo aperto, o protetto dalla pi\u00f9 scenografica tensostruttura.<br \/>\nFesteggeremo la vostra felicit\u00e0 regalandovi momenti indimenticabili in una suite di assoluta meraviglia e, nel nostro splendido Centro Benessere, vi aspetta un momento di coccole indimenticabili!<br \/>\nNon solo, la vostra famiglia e gli ospiti pi\u00f9 cari potranno restare insieme a voi prima e dopo la cerimonia e continuare la festa sui tavoli da gioco di uno dei maggiori Casino d\u2019Europa\u2026<br \/>\nCos\u2019altro?<\/p>\n[\/vc_column_text][\/vc_column_inner][\/vc_row_inner][\/vc_column][\/vc_row][vc_row full_width=&#8221;stretch_row_content_no_spaces&#8221; css=&#8221;.vc_custom_1645195397117{background-color: #383631 !important;}&#8221;][vc_column offset=&#8221;vc_col-lg-8 vc_col-md-12&#8243;]        <div class=\"image-gallery\">\n                <div id=\"69f478b59f0bf-carousel\" class=\"carousel slide\" data-ride=\"carousel\">\n                \t                                        \t<div class=\"carousel-inner\">\n\t\t\t\t\t\t\t\t\t\t\t\t\t\t\t\t\t                                    <div class=\"item active\">\n\t\t\t\t\t\t\t\t\t\t\t\t\t\t\t\t\t\t\t\t\t<!-- Image -->\n\t\t\t\t\t\t\t\t\t\t\t<img width=\"1269\" height=\"786\" src=\"https:\/\/www.billia.it\/grandhotelbillia\/wp-content\/uploads\/sites\/2\/2022\/02\/location-wedding-valledaosta.jpg\" class=\"attachment-full size-full\" alt=\"location wedding valle d&#039;aostalocation wedding valle d&#039;aosta\" loading=\"lazy\" srcset=\"https:\/\/www.billia.it\/grandhotelbillia\/wp-content\/uploads\/sites\/2\/2022\/02\/location-wedding-valledaosta.jpg 1269w, https:\/\/www.billia.it\/grandhotelbillia\/wp-content\/uploads\/sites\/2\/2022\/02\/location-wedding-valledaosta-300x186.jpg 300w, https:\/\/www.billia.it\/grandhotelbillia\/wp-content\/uploads\/sites\/2\/2022\/02\/location-wedding-valledaosta-1024x634.jpg 1024w, https:\/\/www.billia.it\/grandhotelbillia\/wp-content\/uploads\/sites\/2\/2022\/02\/location-wedding-valledaosta-768x476.jpg 768w\" sizes=\"(max-width: 1269px) 100vw, 1269px\" \/>\t\t\t\t\t\t\t\t\t\t\t\t\t\t\t\t\t\t\t\t\t\t\t\t\t\t\t\t\t\t                                    <\/div>\n                                    \n\t\t\t\t\t\t\t\t\t\t\t\t\t\t\t\t\t                                    <div class=\"item \">\n\t\t\t\t\t\t\t\t\t\t\t\t\t\t\t\t\t\t\t\t\t<!-- Image -->\n\t\t\t\t\t\t\t\t\t\t\t<img width=\"1269\" height=\"786\" src=\"https:\/\/www.billia.it\/grandhotelbillia\/wp-content\/uploads\/sites\/2\/2022\/02\/location-wedding-valle-daosta.jpg\" class=\"attachment-full size-full\" alt=\"location matrimonio valle d&#039;aosta\" loading=\"lazy\" srcset=\"https:\/\/www.billia.it\/grandhotelbillia\/wp-content\/uploads\/sites\/2\/2022\/02\/location-wedding-valle-daosta.jpg 1269w, https:\/\/www.billia.it\/grandhotelbillia\/wp-content\/uploads\/sites\/2\/2022\/02\/location-wedding-valle-daosta-300x186.jpg 300w, https:\/\/www.billia.it\/grandhotelbillia\/wp-content\/uploads\/sites\/2\/2022\/02\/location-wedding-valle-daosta-1024x634.jpg 1024w, https:\/\/www.billia.it\/grandhotelbillia\/wp-content\/uploads\/sites\/2\/2022\/02\/location-wedding-valle-daosta-768x476.jpg 768w\" sizes=\"(max-width: 1269px) 100vw, 1269px\" \/>\t\t\t\t\t\t\t\t\t\t\t\t\t\t\t\t\t\t\t\t\t\t\t\t\t\t\t\t\t\t                                    <\/div>\n                                    \n\t\t\t\t\t\t\t\t\t\t\t\t\t\t\t\t\t                                    <div class=\"item \">\n\t\t\t\t\t\t\t\t\t\t\t\t\t\t\t\t\t\t\t\t\t<!-- Image -->\n\t\t\t\t\t\t\t\t\t\t\t<img width=\"1269\" height=\"786\" src=\"https:\/\/www.billia.it\/grandhotelbillia\/wp-content\/uploads\/sites\/2\/2022\/02\/location-wedding-valle-d-aosta.jpg\" class=\"attachment-full size-full\" alt=\"location matrimonio valle d&#039;aosta\" loading=\"lazy\" srcset=\"https:\/\/www.billia.it\/grandhotelbillia\/wp-content\/uploads\/sites\/2\/2022\/02\/location-wedding-valle-d-aosta.jpg 1269w, https:\/\/www.billia.it\/grandhotelbillia\/wp-content\/uploads\/sites\/2\/2022\/02\/location-wedding-valle-d-aosta-300x186.jpg 300w, https:\/\/www.billia.it\/grandhotelbillia\/wp-content\/uploads\/sites\/2\/2022\/02\/location-wedding-valle-d-aosta-1024x634.jpg 1024w, https:\/\/www.billia.it\/grandhotelbillia\/wp-content\/uploads\/sites\/2\/2022\/02\/location-wedding-valle-d-aosta-768x476.jpg 768w\" sizes=\"(max-width: 1269px) 100vw, 1269px\" \/>\t\t\t\t\t\t\t\t\t\t\t\t\t\t\t\t\t\t\t\t\t\t\t\t\t\t\t\t\t\t                                    <\/div>\n                                    \n\t\t\t\t\t\t\t\t\t\t\t\t\t\t\t\t\t                                    <div class=\"item \">\n\t\t\t\t\t\t\t\t\t\t\t\t\t\t\t\t\t\t\t\t\t<!-- Image -->\n\t\t\t\t\t\t\t\t\t\t\t<img width=\"1269\" height=\"786\" src=\"https:\/\/www.billia.it\/grandhotelbillia\/wp-content\/uploads\/sites\/2\/2022\/02\/martimonio-valle-d-aosta.jpg\" class=\"attachment-full size-full\" alt=\"matrimonio valle d&#039;aosta\" loading=\"lazy\" srcset=\"https:\/\/www.billia.it\/grandhotelbillia\/wp-content\/uploads\/sites\/2\/2022\/02\/martimonio-valle-d-aosta.jpg 1269w, https:\/\/www.billia.it\/grandhotelbillia\/wp-content\/uploads\/sites\/2\/2022\/02\/martimonio-valle-d-aosta-300x186.jpg 300w, https:\/\/www.billia.it\/grandhotelbillia\/wp-content\/uploads\/sites\/2\/2022\/02\/martimonio-valle-d-aosta-1024x634.jpg 1024w, https:\/\/www.billia.it\/grandhotelbillia\/wp-content\/uploads\/sites\/2\/2022\/02\/martimonio-valle-d-aosta-768x476.jpg 768w\" sizes=\"(max-width: 1269px) 100vw, 1269px\" \/>\t\t\t\t\t\t\t\t\t\t\t\t\t\t\t\t\t\t\t\t\t\t\t\t\t\t\t\t\t\t                                    <\/div>\n                                    \n\t\t\t\t\t\t\t\t\t\t\t\t\t\t\t\t                         <\/div>\n                         <div class=\"gallery_button_wrapper\">\n                        <a class=\"left carousel-control\" href=\"#69f478b59f0bf-carousel\" data-slide=\"prev\">\n                        <span class=\"icon-left\"><\/span>\n                    <\/a>\n                    <\/div>\n                    <div class=\"gallery_button_wrapper\">\n                        <a class=\"right carousel-control\" href=\"#69f478b59f0bf-carousel\" data-slide=\"next\">\n                        <span class=\"icon-right\"><\/span>\n                    <\/a>\n                    <\/div>\n\t\t\t\t\t\t                    \n               <\/div>\n\t  \t\t  <\/div>\n\t\t\n\t\t[\/vc_column][vc_column offset=&#8221;vc_col-lg-4 vc_col-md-12&#8243;][vc_empty_space height=&#8221;111px&#8221;][vc_custom_heading text=&#8221;Organizzazione&#8221; font_container=&#8221;tag:p|font_size:29px|text_align:center|color:%23ffffff&#8221; google_fonts=&#8221;font_family:Roboto%20Slab%3A100%2C300%2Cregular%2C700|font_style:400%20regular%3A400%3Anormal&#8221;][vc_custom_heading text=&#8221;della cerimonia&#8221; font_container=&#8221;tag:p|font_size:59px|text_align:center|color:%23ab7d20&#8243; google_fonts=&#8221;font_family:Lato%3A100%2C100italic%2C300%2C300italic%2Cregular%2Citalic%2C700%2C700italic%2C900%2C900italic|font_style:400%20regular%3A400%3Anormal&#8221; css=&#8221;.vc_custom_1654003292214{margin-top: -5px !important;}&#8221;][vc_empty_space][vc_column_text css_animation=&#8221;right-to-left&#8221; css=&#8221;.vc_custom_1645254507910{padding-right: 5% !important;padding-bottom: 30px !important;padding-left: 5% !important;}&#8221;]\n<p style=\"text-align: center; color: #e8e8e8;\">Per la cerimonia religiosa vi suggeriamo la romantica chiesetta di Moron accoccolata tra alberi secolari, in posizione panoramica a soli 5 km dal Resort oppure, se la lista degli invitati \u00e8 pi\u00f9 lunga, la parrocchiale romanica di Saint-Vincent: un luogo di culto che nei secoli ha celebrato fede e grandi amori.<br \/>\nPer celebrare il vostro matrimonio con rito civile, vi proponiamo il nostro splendido parco centenario.<\/p>\n[\/vc_column_text][vc_empty_space height=&#8221;77px&#8221;][\/vc_column][\/vc_row][vc_row full_width=&#8221;stretch_row_content_no_spaces&#8221; css=&#8221;.vc_custom_1457385742109{margin-top: 0px !important;margin-bottom:<br \/>\n0px !important;padding-top: 0px !important;padding-bottom: 0px !important;}&#8221;][vc_column][vc_row_inner css=&#8221;.vc_custom_1645175814316{background-color: #ab7d20 !important;}&#8221;][vc_column_inner css=&#8221;.vc_custom_1460359592013{margin-top: 0px !important;margin-bottom: 0px !important;padding-top: 0px !<br \/>\nimportant;padding-bottom: 0px !important;}&#8221;]\n\t\t\t<section class=\"image-square right\">\n\t\t\t    <div class=\"col-md-6 image\">\n\t\t\t        <div class=\"background-image-holder\">\n\t\t\t            <img width=\"1269\" height=\"786\" src=\"https:\/\/www.billia.it\/grandhotelbillia\/wp-content\/uploads\/sites\/2\/2022\/02\/wedding-valle-d-aosta.jpg\" class=\"background-image\" alt=\"matrimonio valle d&#039;aosta\" loading=\"lazy\" srcset=\"https:\/\/www.billia.it\/grandhotelbillia\/wp-content\/uploads\/sites\/2\/2022\/02\/wedding-valle-d-aosta.jpg 1269w, https:\/\/www.billia.it\/grandhotelbillia\/wp-content\/uploads\/sites\/2\/2022\/02\/wedding-valle-d-aosta-300x186.jpg 300w, https:\/\/www.billia.it\/grandhotelbillia\/wp-content\/uploads\/sites\/2\/2022\/02\/wedding-valle-d-aosta-1024x634.jpg 1024w, https:\/\/www.billia.it\/grandhotelbillia\/wp-content\/uploads\/sites\/2\/2022\/02\/wedding-valle-d-aosta-768x476.jpg 768w\" sizes=\"(max-width: 1269px) 100vw, 1269px\" \/>\n\t\t\t        <\/div>\n\t\t\t    <\/div>\n\t\t\t    <div class=\"col-md-6 content\">\n\t\t\t        \n<div class=\"wpb_wrapper\">\n<p class=\"vc_custom_heading\" style=\"font-size: 29px; color: #fff; text-align: center; font-family: Roboto Slab; font-weight: 400; font-style: normal;\">La giusta location<\/p>\n<p class=\"vc_custom_heading\" style=\"font-size: 59px; line-height: 54px; color: #383631; text-align: center; font-family: lato; font-weight: 400; font-style: normal;\">fa la differenza&#8230;<\/p>\n<\/div>\n<div class=\"vc_empty_space\" style=\"height: 33px;\"><\/div>\n<p style=\"color: #fff;\">La giornata \u2013 intessuta di piccoli e infiniti dettagli \u2013 vi regaler\u00e0 un piccolo mondo per un amore grande\u2026<br \/>\nl\u2019arrivo della sposa a bordo di una sontuosa auto d\u2019epoca, un aperitivo in piscina, la scelta del menu e dei fiori, la musica durante la cerimonia o lo spettacolo per la serata\u2026 e molto altro affinch\u00e9 la vostra fiaba sia indimenticabile!<\/p>\n\n\t\t\t    <\/div>\n\t\t\t<\/section>\n\t\t[\/vc_column_inner][\/vc_row_inner][\/vc_column][\/vc_row][vc_row full_width=&#8221;stretch_row_content_no_spaces&#8221; css=&#8221;.vc_custom_1645197082326{padding-top: 200px !important;padding-bottom: 270px !important;}&#8221;][vc_column][vc_row_inner content_placement=&#8221;middle&#8221; css=&#8221;.vc_custom_1645178359744{padding-top: 55px !important;}&#8221;][vc_column_inner width=&#8221;1\/4&#8243;][\/vc_column_inner][vc_column_inner width=&#8221;1\/2&#8243;][vc_custom_heading text=&#8221;Rendi unico il tuo matrimonio&#8230;&#8221; font_container=&#8221;tag:p|font_size:22px|text_align:center|color:%23383631&#8243; google_fonts=&#8221;font_family:Roboto%20Slab%3A100%2C300%2Cregular%2C700|font_style:400%20regular%3A400%3Anormal&#8221;][vc_custom_heading text=&#8221;Scegli il Grand H\u00f4tel Billia&#8221; font_container=&#8221;tag:p|font_size:54px|text_align:center|color:%23ab7d20|line_height:49px&#8221; google_fonts=&#8221;font_family:Lato%3A100%2C100italic%2C300%2C300italic%2Cregular%2Citalic%2C700%2C700italic%2C900%2C900italic|font_style:400%20regular%3A400%3Anormal&#8221; css=&#8221;.vc_custom_1654003341837{margin-top: -10px !important;padding-bottom: 33px !important;}&#8221;][vc_column_text css_animation=&#8221;appear&#8221;]\n<p style=\"color: #383631; text-align: center;\">Contatta il nostro staff e inizia a programmare il giorno pi\u00f9 bello della tua vita!<\/p>\n[\/vc_column_text][\/vc_column_inner][vc_column_inner width=&#8221;1\/4&#8243;][\/vc_column_inner][\/vc_row_inner][vc_raw_html css=&#8221;.vc_custom_1645197494783{padding-top: 30px !important;}&#8221;]JTNDZGl2JTIwY2xhc3MlM0QlMjJib3R0b25lLWNlbnRyYWxlJTIyJTNFJTBBJTNDYSUyMGhyZWYlM0QlMjIlMkZjb250YXR0aSUyRiUyMiUyMGNsYXNzJTNEJTIyYnRuLXByaW1hcnklMjIlM0UlMEFDb250YXR0YWNpJTBBJTNDJTJGYSUzRSUzQyUyRmRpdiUzRQ==[\/vc_raw_html][\/vc_column][\/vc_row]\n","protected":false},"excerpt":{"rendered":"<p>[vc_row full_width=&#8221;stretch_row&#8221; css=&#8221;.vc_custom_1645174784162{padding-top: 111px !important;padding-bottom: 77px !important;}&#8221;][vc_column][vc_row_inner][vc_column_inner][vc_custom_heading text=&#8221;Concediti una giornata&#8221; font_container=&#8221;tag:p|font_size:19px|text_align:center|color:%23878271&#8243; google_fonts=&#8221;font_family:Roboto%20Slab%3A100%2C300%2Cregular%2C700|font_style:400%20regular%3A400%3Anormal&#8221;][vc_custom_heading text=&#8221;Indimenticabile&#8221; font_container=&#8221;tag:p|font_size:59px|text_align:center|color:%23ab7d20&#8243; google_fonts=&#8221;font_family:Lato%3A100%2C100italic%2C300%2C300italic%2Cregular%2Citalic%2C700%2C700italic%2C900%2C900italic|font_style:400%20regular%3A400%3Anormal&#8221; css=&#8221;.vc_custom_1654003270220{margin-top: -5px !important;}&#8221;][\/vc_column_inner][\/vc_row_inner][vc_row_inner css=&#8221;.vc_custom_1645254743717{padding-top: 77px !important;}&#8221;][vc_column_inner width=&#8221;1\/4&#8243;][\/vc_column_inner][vc_column_inner width=&#8221;1\/4&#8243; offset=&#8221;vc_hidden-md vc_hidden-sm&#8221;][vc_column_text css_animation=&#8221;left-to-right&#8221; css=&#8221;.vc_custom_1646133564281{padding-right: 20px !important;padding-left: 20px !important;}&#8221;]Regalatevi un\u2019esperienza fuori dal comune: dirsi s\u00ec nella raffinata scenografia del Grand H\u00f4tel Billia! Trasformate il vostro matrimonio nel ricordo pi\u00f9 bello per voi e [&hellip;]<\/p>\n","protected":false},"author":1,"featured_media":0,"parent":0,"menu_order":0,"comment_status":"closed","ping_status":"closed","template":"","meta":[],"yoast_head":"<!-- This site is optimized with the Yoast SEO plugin v18.2 - https:\/\/yoast.com\/wordpress\/plugins\/seo\/ -->\n<title>Location per matrimonio in Valle d&#039;Aosta - Grand Hotel Billia<\/title>\n<meta name=\"description\" content=\"Se stai cercando una location per matrimoni in Valle d&#039;Aosta veramente esclusiva e raffinata scopri il Grand Hotel Billia di Saint-Vincent, clicca qui\" \/>\n<meta name=\"robots\" content=\"index, follow, max-snippet:-1, max-image-preview:large, max-video-preview:-1\" \/>\n<link rel=\"canonical\" href=\"https:\/\/www.billia.it\/grandhotelbillia\/location-matrimonio-valle-daosta\/\" \/>\n<meta property=\"og:locale\" content=\"it_IT\" \/>\n<meta property=\"og:type\" content=\"article\" \/>\n<meta property=\"og:title\" content=\"Location per matrimonio in Valle d&#039;Aosta - Grand Hotel Billia\" \/>\n<meta property=\"og:description\" content=\"Se stai cercando una location per matrimoni in Valle d&#039;Aosta veramente esclusiva e raffinata scopri il Grand Hotel Billia di Saint-Vincent, clicca qui\" \/>\n<meta property=\"og:url\" content=\"https:\/\/www.billia.it\/grandhotelbillia\/location-matrimonio-valle-daosta\/\" \/>\n<meta property=\"og:site_name\" content=\"Grand Hotel Billia\" \/>\n<meta property=\"article:modified_time\" content=\"2022-05-31T13:22:25+00:00\" \/>\n<meta name=\"twitter:card\" content=\"summary\" \/>\n<meta name=\"twitter:label1\" content=\"Tempo di lettura stimato\" \/>\n\t<meta name=\"twitter:data1\" content=\"4 minuti\" \/>\n<script type=\"application\/ld+json\" class=\"yoast-schema-graph\">{\"@context\":\"https:\/\/schema.org\",\"@graph\":[{\"@type\":\"WebSite\",\"@id\":\"https:\/\/www.billia.it\/grandhotelbillia\/#website\",\"url\":\"https:\/\/www.billia.it\/grandhotelbillia\/\",\"name\":\"Grand Hotel Billia\",\"description\":\"Grand Hotel Billia 5 stelle a Saint-Vincent, Valle d&#039;Aosta\",\"potentialAction\":[{\"@type\":\"SearchAction\",\"target\":{\"@type\":\"EntryPoint\",\"urlTemplate\":\"https:\/\/www.billia.it\/grandhotelbillia\/?s={search_term_string}\"},\"query-input\":\"required name=search_term_string\"}],\"inLanguage\":\"it-IT\"},{\"@type\":\"WebPage\",\"@id\":\"https:\/\/www.billia.it\/grandhotelbillia\/location-matrimonio-valle-daosta\/#webpage\",\"url\":\"https:\/\/www.billia.it\/grandhotelbillia\/location-matrimonio-valle-daosta\/\",\"name\":\"Location per matrimonio in Valle d'Aosta - Grand Hotel Billia\",\"isPartOf\":{\"@id\":\"https:\/\/www.billia.it\/grandhotelbillia\/#website\"},\"datePublished\":\"2016-05-20T08:25:52+00:00\",\"dateModified\":\"2022-05-31T13:22:25+00:00\",\"description\":\"Se stai cercando una location per matrimoni in Valle d'Aosta veramente esclusiva e raffinata scopri il Grand Hotel Billia di Saint-Vincent, clicca qui\",\"breadcrumb\":{\"@id\":\"https:\/\/www.billia.it\/grandhotelbillia\/location-matrimonio-valle-daosta\/#breadcrumb\"},\"inLanguage\":\"it-IT\",\"potentialAction\":[{\"@type\":\"ReadAction\",\"target\":[\"https:\/\/www.billia.it\/grandhotelbillia\/location-matrimonio-valle-daosta\/\"]}]},{\"@type\":\"BreadcrumbList\",\"@id\":\"https:\/\/www.billia.it\/grandhotelbillia\/location-matrimonio-valle-daosta\/#breadcrumb\",\"itemListElement\":[{\"@type\":\"ListItem\",\"position\":1,\"name\":\"Home\",\"item\":\"https:\/\/www.billia.it\/grandhotelbillia\/\"},{\"@type\":\"ListItem\",\"position\":2,\"name\":\"Location per matrimonio in Valle d'Aosta\"}]}]}<\/script>\n<!-- \/ Yoast SEO plugin. -->","yoast_head_json":{"title":"Location per matrimonio in Valle d'Aosta - Grand Hotel Billia","description":"Se stai cercando una location per matrimoni in Valle d'Aosta veramente esclusiva e raffinata scopri il Grand Hotel Billia di Saint-Vincent, clicca qui","robots":{"index":"index","follow":"follow","max-snippet":"max-snippet:-1","max-image-preview":"max-image-preview:large","max-video-preview":"max-video-preview:-1"},"canonical":"https:\/\/www.billia.it\/grandhotelbillia\/location-matrimonio-valle-daosta\/","og_locale":"it_IT","og_type":"article","og_title":"Location per matrimonio in Valle d'Aosta - Grand Hotel Billia","og_description":"Se stai cercando una location per matrimoni in Valle d'Aosta veramente esclusiva e raffinata scopri il Grand Hotel Billia di Saint-Vincent, clicca qui","og_url":"https:\/\/www.billia.it\/grandhotelbillia\/location-matrimonio-valle-daosta\/","og_site_name":"Grand Hotel Billia","article_modified_time":"2022-05-31T13:22:25+00:00","twitter_card":"summary","twitter_misc":{"Tempo di lettura stimato":"4 minuti"},"schema":{"@context":"https:\/\/schema.org","@graph":[{"@type":"WebSite","@id":"https:\/\/www.billia.it\/grandhotelbillia\/#website","url":"https:\/\/www.billia.it\/grandhotelbillia\/","name":"Grand Hotel Billia","description":"Grand Hotel Billia 5 stelle a Saint-Vincent, Valle d&#039;Aosta","potentialAction":[{"@type":"SearchAction","target":{"@type":"EntryPoint","urlTemplate":"https:\/\/www.billia.it\/grandhotelbillia\/?s={search_term_string}"},"query-input":"required name=search_term_string"}],"inLanguage":"it-IT"},{"@type":"WebPage","@id":"https:\/\/www.billia.it\/grandhotelbillia\/location-matrimonio-valle-daosta\/#webpage","url":"https:\/\/www.billia.it\/grandhotelbillia\/location-matrimonio-valle-daosta\/","name":"Location per matrimonio in Valle d'Aosta - Grand Hotel Billia","isPartOf":{"@id":"https:\/\/www.billia.it\/grandhotelbillia\/#website"},"datePublished":"2016-05-20T08:25:52+00:00","dateModified":"2022-05-31T13:22:25+00:00","description":"Se stai cercando una location per matrimoni in Valle d'Aosta veramente esclusiva e raffinata scopri il Grand Hotel Billia di Saint-Vincent, clicca qui","breadcrumb":{"@id":"https:\/\/www.billia.it\/grandhotelbillia\/location-matrimonio-valle-daosta\/#breadcrumb"},"inLanguage":"it-IT","potentialAction":[{"@type":"ReadAction","target":["https:\/\/www.billia.it\/grandhotelbillia\/location-matrimonio-valle-daosta\/"]}]},{"@type":"BreadcrumbList","@id":"https:\/\/www.billia.it\/grandhotelbillia\/location-matrimonio-valle-daosta\/#breadcrumb","itemListElement":[{"@type":"ListItem","position":1,"name":"Home","item":"https:\/\/www.billia.it\/grandhotelbillia\/"},{"@type":"ListItem","position":2,"name":"Location per matrimonio in Valle d'Aosta"}]}]}},"_links":{"self":[{"href":"https:\/\/www.billia.it\/grandhotelbillia\/wp-json\/wp\/v2\/pages\/472"}],"collection":[{"href":"https:\/\/www.billia.it\/grandhotelbillia\/wp-json\/wp\/v2\/pages"}],"about":[{"href":"https:\/\/www.billia.it\/grandhotelbillia\/wp-json\/wp\/v2\/types\/page"}],"author":[{"embeddable":true,"href":"https:\/\/www.billia.it\/grandhotelbillia\/wp-json\/wp\/v2\/users\/1"}],"replies":[{"embeddable":true,"href":"https:\/\/www.billia.it\/grandhotelbillia\/wp-json\/wp\/v2\/comments?post=472"}],"version-history":[{"count":33,"href":"https:\/\/www.billia.it\/grandhotelbillia\/wp-json\/wp\/v2\/pages\/472\/revisions"}],"predecessor-version":[{"id":2320,"href":"https:\/\/www.billia.it\/grandhotelbillia\/wp-json\/wp\/v2\/pages\/472\/revisions\/2320"}],"wp:attachment":[{"href":"https:\/\/www.billia.it\/grandhotelbillia\/wp-json\/wp\/v2\/media?parent=472"}],"curies":[{"name":"wp","href":"https:\/\/api.w.org\/{rel}","templated":true}]}}