{"id":2478,"date":"2016-09-20T08:51:28","date_gmt":"2016-09-20T06:51:28","guid":{"rendered":"http:\/\/www.billia.it\/parchotelbillia\/?page_id=2478"},"modified":"2016-09-20T08:56:30","modified_gmt":"2016-09-20T06:56:30","slug":"sagre-valle-d-aosta","status":"publish","type":"page","link":"https:\/\/www.billia.it\/parchotelbillia\/sagre-valle-d-aosta\/","title":{"rendered":"Sagre ed eventi in Valle d&#8217;Aosta"},"content":{"rendered":"[vc_row][vc_column][vc_single_image image=&#8221;2479&#8243; img_size=&#8221;large&#8221; alignment=&#8221;center&#8221; style=&#8221;vc_box_shadow_border&#8221; css_animation=&#8221;bottom-to-top&#8221; css=&#8221;.vc_custom_1474354584907{padding-bottom: 4% !important;}&#8221;][vc_column_text]<strong>22\/25 settembre Festa dell\u2019Uva (F\u00e9ta di R\u00e9sen) a Chambave<\/strong> &#8211; In questa localit\u00e0 della media valle si producono vini di qualit\u00e0 da molti secoli (il famoso vino moscato \u00e8 citato in alcuni documenti del XIV secolo). Da citare le \u201cCrotte dou Bor\u201d, un itinerario nelle cantine del borgo e, naturalmente, l\u2019esposizione dell\u2019uva, all\u2019interno di cestini che possono essere guarniti artisticamente ispirandosi al tema della coltivazione della vite.<\/p>\n<p><strong>24 Settembre La D\u00e9sarpa di Votornen, Valtournenche, Breuil-Cervinia<\/strong> &#8211; Come un sipario che cala sulla scena, la Desarpa chiude idealmente la bella stagione in montagna alla fine di settembre; \u00e8 un rito che celebra il ritorno a valle dagli alpeggi, dove le mucche vengono portate a pascolare nei mesi pi\u00f9 caldi dell\u2019anno. La vera e incontrastata protagonista della Desarpa \u00e8 infatti lei, la mucca, che per tornare a valle viene spazzolata con cura e addobbata con ornamenti multicolori. Una vera e propria sfilata in passerella accompagnata dal suono dei campanacci per la vera star dell\u2019occasione, la mucca valdostana pezzata rossa.<\/p>\n<p><strong>1\/2 Ottobre Dev\u00e9t\u00e9ya \u00e9 F\u00e9ra de Cogne<\/strong> &#8211; Demonticazione, fiera del bestiame e mercato &#8211; Dev\u00e9t\u00e9ya \u00e8 il termine che indica la discesa a valle al termine della stagione, un momento di festa che celebra la fine di un periodo di duro lavoro e il ricongiungimento delle famiglie. Le bovine sfilano per le vie del paese adornate a festa, la Reina di cornes (regina delle corna) apre il corteo con il caratteristico \u201cbosquet\u201d rosso, seguita dalla Reina di lac\u00e9 (regina del latte, la bovina pi\u00f9 produttiva) decorata con un \u201cbosquet\u201d bianco. La Fiera di Cogne \u00e8 la rievocazione dell\u2019antica fiera del bestiame accompagnata da un mercato di prodotti tipici e artigianali. E per tutto il weekend, nei ristoranti aderenti, verr\u00e0 proposto il men\u00f9 tradizionale Les Saveurs de l\u2019Alpage per scoprire e assaporare le eccellenze del territorio.<\/p>\n<p><strong>8\/9 Ottobre Mele Vall\u00e9e<\/strong> &#8211; Mostra mercato delle mele Antey-Saint-Andr\u00e9 &#8211; La manifestazione si apre con l\u2019allestimento della mostra mercato sulle mele, nell\u2019incantevole centro storico di Antey: frutti, alberi da frutta e decorativi, prodotti derivati (gelatine, marmellate, succhi, mele secche, aceto, salse, dolci, sidro, calvados\u2026), possibilit\u00e0 di conoscere, assaggiare, comprare\u2026 Si prosegue con il gustoso pranzo tipico a base di mele a cui fa seguito un ricco programma di animazione ed intrattenimento che si conclude con la golosa merenda a base di mele e la premiazione del miglior stand e del concorso fotografico.<\/p>\n<p><strong>9 Ottobre March\u00e9 au Fort &#8211; Rassegna enogastronomica Bard<\/strong> \u2013 Nella suggestiva cornice del borgo medievale di Bard, ai piedi dello storico Forte, l\u2019appuntamento con il \u201cMarch\u00e9 au Fort\u201d si rinnova: si tratta della pi\u00f9 importante e pi\u00f9 grande mostra-mercato dedicata all\u2019enogastronomia, alla degustazione e alla vendita di prodotti tipici della Valle d\u2019Aosta. Gli amanti della buona tavola e i cultori del gusto, potranno incontrare un\u2019ottantina di produttori e conoscere da vicino la variegata offerta dell\u2019enogastronomia valdostana.<\/p>\n<p><strong>15 Ottobre Castagnata a Moron, Saint-Vincent Piazzale antistante la Chiesa di Moron<\/strong> &#8211; Manifestazione enogastonomica dove vengono proposte caldarroste. Il pomeriggio sar\u00e0 animato dalla gara delle galline.<\/p>\n<p><strong>29\/30 ottobre Chatillon Sagra del miele e dei suoi derivati<\/strong> &#8211; L\u2019ultimo weekend di ottobre, Ch\u00e2tillon si trasforma nella capitale valdostana del miele, ospitando la sagra dedicata a questo prodotto naturale e ai suoi derivati. La manifestazione attira ogni anno molti visitatori e coincide con la premiazione del concorso regionale dedicato ai mieli valdostani. La sala interna dell\u2019ex Hotel Londres funge invece da cornice all\u2019esposizione degli attrezzi utilizzati nel corso degli anni dagli apicoltori.<\/p>\n<p><strong>Fino al 13 novembre \u2013 Forte di Bard<\/strong> \u2013 Marc Chagall La Vie. La vocazione poetica dell&#8217;arte di Marc Chagall \u00e8 il tema centrale della mostra Marc Chagall. La Vie che il Forte di Bard dedica al grande artista russo. L&#8217;esposizione, aperta dal 25 giugno al 13 novembre 2016, prende il titolo dall&#8217;imponente olio su tela realizzato nel 1964, di propriet\u00e0 della Fondation Marguerite et Aim\u00e9 Maeght di Saint-Paul-de-Vence, elemento centrale dell&#8217;intero percorso espositivo.<\/p>\n<p><strong>Fino al 13 novembre \u2013 Forte di Bard<\/strong> \u2013 Elliott Erwitt Retrospective. Realizzata dall\u2019Associazione Forte di Bard in collaborazione con Magnum Photos Paris, l\u2019esposizione presenta in anteprima mondiale un nuovo progetto di retrospettiva dell\u2019immensa opera di Elliott Erwitt, uno dei grandi protagonisti della fotografia del nostro tempo.<\/p>\n<p><strong>Fino al 6 gennaio 2017 &#8211; Avengers: Age of Ultron<\/strong>. The exhibit. I supereroi Marvel tornano al Forte di Bard. Ad un anno dall&#8217;uscita nelle sale cinematografiche di Avengers: Age of Ultron, una mostra curata dall&#8217;Associazione Forte di Bard celebra il successo del film proponendo un coinvolgente itinerario alla scoperta del dietro le quinte, che riporta ai giorni in cui la fortezza \u00e8 stata scelta quale sede dell\u2019Hydra comandata dallo spietato Barone Strucker e luogo dove Ultron mette a punto il suo piano di distruzione del Pianeta.<br \/>\nArea megalitica di Saint-Martin-de-Corl\u00e9ans &#8211; museo e parco archeologico, Aosta. L\u2019area, riportata alla luce nel 1969, si estende per circa un ettaro e rivela uno dei pi\u00f9 interessanti siti archeologici in Europa: suggestivamente scandite, significative testimonianze di quasi cinque millenni di storia, dai momenti finali del Neolitico ai giorni nostri.[\/vc_column_text][\/vc_column][\/vc_row]\n","protected":false},"excerpt":{"rendered":"<p>[vc_row][vc_column][vc_single_image image=&#8221;2479&#8243; img_size=&#8221;large&#8221; alignment=&#8221;center&#8221; style=&#8221;vc_box_shadow_border&#8221; css_animation=&#8221;bottom-to-top&#8221; css=&#8221;.vc_custom_1474354584907{padding-bottom: 4% !important;}&#8221;][vc_column_text]22\/25 settembre Festa dell\u2019Uva (F\u00e9ta di R\u00e9sen) a Chambave &#8211; In questa localit\u00e0 della media valle si producono vini di qualit\u00e0 da molti secoli (il famoso vino moscato \u00e8 citato in alcuni documenti del XIV secolo). Da citare le \u201cCrotte dou Bor\u201d, un itinerario nelle cantine del [&hellip;]<\/p>\n","protected":false},"author":1,"featured_media":2479,"parent":0,"menu_order":0,"comment_status":"closed","ping_status":"closed","template":"","meta":[],"yoast_head":"<!-- This site is optimized with the Yoast SEO plugin v18.2 - https:\/\/yoast.com\/wordpress\/plugins\/seo\/ -->\n<title>Sagre ed eventi in Valle d&#039;Aosta - Parc Hotel Billia<\/title>\n<meta name=\"robots\" content=\"index, follow, max-snippet:-1, max-image-preview:large, max-video-preview:-1\" \/>\n<link rel=\"canonical\" href=\"https:\/\/www.billia.it\/parchotelbillia\/sagre-valle-d-aosta\/\" \/>\n<meta property=\"og:locale\" content=\"it_IT\" \/>\n<meta property=\"og:type\" content=\"article\" \/>\n<meta property=\"og:title\" content=\"Sagre ed eventi in Valle d&#039;Aosta - Parc Hotel Billia\" \/>\n<meta property=\"og:description\" content=\"[vc_row][vc_column][vc_single_image image=&#8221;2479&#8243; img_size=&#8221;large&#8221; alignment=&#8221;center&#8221; style=&#8221;vc_box_shadow_border&#8221; css_animation=&#8221;bottom-to-top&#8221; css=&#8221;.vc_custom_1474354584907{padding-bottom: 4% !important;}&#8221;][vc_column_text]22\/25 settembre Festa dell\u2019Uva (F\u00e9ta di R\u00e9sen) a Chambave &#8211; In questa localit\u00e0 della media valle si producono vini di qualit\u00e0 da molti secoli (il famoso vino moscato \u00e8 citato in alcuni documenti del XIV secolo). Da citare le \u201cCrotte dou Bor\u201d, un itinerario nelle cantine del [&hellip;]\" \/>\n<meta property=\"og:url\" content=\"https:\/\/www.billia.it\/parchotelbillia\/sagre-valle-d-aosta\/\" \/>\n<meta property=\"og:site_name\" content=\"Parc Hotel Billia\" \/>\n<meta property=\"article:modified_time\" content=\"2016-09-20T06:56:30+00:00\" \/>\n<meta property=\"og:image\" content=\"https:\/\/www.billia.it\/parchotelbillia\/wp-content\/uploads\/sites\/3\/2016\/09\/sagre-valledaosta.jpg\" \/>\n\t<meta property=\"og:image:width\" content=\"1600\" \/>\n\t<meta property=\"og:image:height\" content=\"680\" \/>\n\t<meta property=\"og:image:type\" content=\"image\/jpeg\" \/>\n<meta name=\"twitter:card\" content=\"summary\" \/>\n<meta name=\"twitter:label1\" content=\"Tempo di lettura stimato\" \/>\n\t<meta name=\"twitter:data1\" content=\"4 minuti\" \/>\n<script type=\"application\/ld+json\" class=\"yoast-schema-graph\">{\"@context\":\"https:\/\/schema.org\",\"@graph\":[{\"@type\":\"WebSite\",\"@id\":\"https:\/\/www.billia.it\/parchotelbillia\/#website\",\"url\":\"https:\/\/www.billia.it\/parchotelbillia\/\",\"name\":\"Parc Hotel Billia\",\"description\":\"Hotel 4 stelle con spa a Saint-Vincent, Valle d&#039;Aosta\",\"potentialAction\":[{\"@type\":\"SearchAction\",\"target\":{\"@type\":\"EntryPoint\",\"urlTemplate\":\"https:\/\/www.billia.it\/parchotelbillia\/?s={search_term_string}\"},\"query-input\":\"required name=search_term_string\"}],\"inLanguage\":\"it-IT\"},{\"@type\":\"ImageObject\",\"@id\":\"https:\/\/www.billia.it\/parchotelbillia\/sagre-valle-d-aosta\/#primaryimage\",\"inLanguage\":\"it-IT\",\"url\":\"https:\/\/www.billia.it\/parchotelbillia\/wp-content\/uploads\/sites\/3\/2016\/09\/sagre-valledaosta.jpg\",\"contentUrl\":\"https:\/\/www.billia.it\/parchotelbillia\/wp-content\/uploads\/sites\/3\/2016\/09\/sagre-valledaosta.jpg\",\"width\":1600,\"height\":680,\"caption\":\"Sagre in Valle d'Aosta\"},{\"@type\":\"WebPage\",\"@id\":\"https:\/\/www.billia.it\/parchotelbillia\/sagre-valle-d-aosta\/#webpage\",\"url\":\"https:\/\/www.billia.it\/parchotelbillia\/sagre-valle-d-aosta\/\",\"name\":\"Sagre ed eventi in Valle d'Aosta - Parc Hotel Billia\",\"isPartOf\":{\"@id\":\"https:\/\/www.billia.it\/parchotelbillia\/#website\"},\"primaryImageOfPage\":{\"@id\":\"https:\/\/www.billia.it\/parchotelbillia\/sagre-valle-d-aosta\/#primaryimage\"},\"datePublished\":\"2016-09-20T06:51:28+00:00\",\"dateModified\":\"2016-09-20T06:56:30+00:00\",\"breadcrumb\":{\"@id\":\"https:\/\/www.billia.it\/parchotelbillia\/sagre-valle-d-aosta\/#breadcrumb\"},\"inLanguage\":\"it-IT\",\"potentialAction\":[{\"@type\":\"ReadAction\",\"target\":[\"https:\/\/www.billia.it\/parchotelbillia\/sagre-valle-d-aosta\/\"]}]},{\"@type\":\"BreadcrumbList\",\"@id\":\"https:\/\/www.billia.it\/parchotelbillia\/sagre-valle-d-aosta\/#breadcrumb\",\"itemListElement\":[{\"@type\":\"ListItem\",\"position\":1,\"name\":\"Home\",\"item\":\"https:\/\/www.billia.it\/parchotelbillia\/\"},{\"@type\":\"ListItem\",\"position\":2,\"name\":\"Sagre ed eventi in Valle d&#8217;Aosta\"}]}]}<\/script>\n<!-- \/ Yoast SEO plugin. -->","yoast_head_json":{"title":"Sagre ed eventi in Valle d'Aosta - Parc Hotel Billia","robots":{"index":"index","follow":"follow","max-snippet":"max-snippet:-1","max-image-preview":"max-image-preview:large","max-video-preview":"max-video-preview:-1"},"canonical":"https:\/\/www.billia.it\/parchotelbillia\/sagre-valle-d-aosta\/","og_locale":"it_IT","og_type":"article","og_title":"Sagre ed eventi in Valle d'Aosta - Parc Hotel Billia","og_description":"[vc_row][vc_column][vc_single_image image=&#8221;2479&#8243; img_size=&#8221;large&#8221; alignment=&#8221;center&#8221; style=&#8221;vc_box_shadow_border&#8221; css_animation=&#8221;bottom-to-top&#8221; css=&#8221;.vc_custom_1474354584907{padding-bottom: 4% !important;}&#8221;][vc_column_text]22\/25 settembre Festa dell\u2019Uva (F\u00e9ta di R\u00e9sen) a Chambave &#8211; In questa localit\u00e0 della media valle si producono vini di qualit\u00e0 da molti secoli (il famoso vino moscato \u00e8 citato in alcuni documenti del XIV secolo). Da citare le \u201cCrotte dou Bor\u201d, un itinerario nelle cantine del [&hellip;]","og_url":"https:\/\/www.billia.it\/parchotelbillia\/sagre-valle-d-aosta\/","og_site_name":"Parc Hotel Billia","article_modified_time":"2016-09-20T06:56:30+00:00","og_image":[{"width":1600,"height":680,"url":"https:\/\/www.billia.it\/parchotelbillia\/wp-content\/uploads\/sites\/3\/2016\/09\/sagre-valledaosta.jpg","type":"image\/jpeg"}],"twitter_card":"summary","twitter_misc":{"Tempo di lettura stimato":"4 minuti"},"schema":{"@context":"https:\/\/schema.org","@graph":[{"@type":"WebSite","@id":"https:\/\/www.billia.it\/parchotelbillia\/#website","url":"https:\/\/www.billia.it\/parchotelbillia\/","name":"Parc Hotel Billia","description":"Hotel 4 stelle con spa a Saint-Vincent, Valle d&#039;Aosta","potentialAction":[{"@type":"SearchAction","target":{"@type":"EntryPoint","urlTemplate":"https:\/\/www.billia.it\/parchotelbillia\/?s={search_term_string}"},"query-input":"required name=search_term_string"}],"inLanguage":"it-IT"},{"@type":"ImageObject","@id":"https:\/\/www.billia.it\/parchotelbillia\/sagre-valle-d-aosta\/#primaryimage","inLanguage":"it-IT","url":"https:\/\/www.billia.it\/parchotelbillia\/wp-content\/uploads\/sites\/3\/2016\/09\/sagre-valledaosta.jpg","contentUrl":"https:\/\/www.billia.it\/parchotelbillia\/wp-content\/uploads\/sites\/3\/2016\/09\/sagre-valledaosta.jpg","width":1600,"height":680,"caption":"Sagre in Valle d'Aosta"},{"@type":"WebPage","@id":"https:\/\/www.billia.it\/parchotelbillia\/sagre-valle-d-aosta\/#webpage","url":"https:\/\/www.billia.it\/parchotelbillia\/sagre-valle-d-aosta\/","name":"Sagre ed eventi in Valle d'Aosta - Parc Hotel Billia","isPartOf":{"@id":"https:\/\/www.billia.it\/parchotelbillia\/#website"},"primaryImageOfPage":{"@id":"https:\/\/www.billia.it\/parchotelbillia\/sagre-valle-d-aosta\/#primaryimage"},"datePublished":"2016-09-20T06:51:28+00:00","dateModified":"2016-09-20T06:56:30+00:00","breadcrumb":{"@id":"https:\/\/www.billia.it\/parchotelbillia\/sagre-valle-d-aosta\/#breadcrumb"},"inLanguage":"it-IT","potentialAction":[{"@type":"ReadAction","target":["https:\/\/www.billia.it\/parchotelbillia\/sagre-valle-d-aosta\/"]}]},{"@type":"BreadcrumbList","@id":"https:\/\/www.billia.it\/parchotelbillia\/sagre-valle-d-aosta\/#breadcrumb","itemListElement":[{"@type":"ListItem","position":1,"name":"Home","item":"https:\/\/www.billia.it\/parchotelbillia\/"},{"@type":"ListItem","position":2,"name":"Sagre ed eventi in Valle d&#8217;Aosta"}]}]}},"_links":{"self":[{"href":"https:\/\/www.billia.it\/parchotelbillia\/wp-json\/wp\/v2\/pages\/2478"}],"collection":[{"href":"https:\/\/www.billia.it\/parchotelbillia\/wp-json\/wp\/v2\/pages"}],"about":[{"href":"https:\/\/www.billia.it\/parchotelbillia\/wp-json\/wp\/v2\/types\/page"}],"author":[{"embeddable":true,"href":"https:\/\/www.billia.it\/parchotelbillia\/wp-json\/wp\/v2\/users\/1"}],"replies":[{"embeddable":true,"href":"https:\/\/www.billia.it\/parchotelbillia\/wp-json\/wp\/v2\/comments?post=2478"}],"version-history":[{"count":5,"href":"https:\/\/www.billia.it\/parchotelbillia\/wp-json\/wp\/v2\/pages\/2478\/revisions"}],"predecessor-version":[{"id":2484,"href":"https:\/\/www.billia.it\/parchotelbillia\/wp-json\/wp\/v2\/pages\/2478\/revisions\/2484"}],"wp:featuredmedia":[{"embeddable":true,"href":"https:\/\/www.billia.it\/parchotelbillia\/wp-json\/wp\/v2\/media\/2479"}],"wp:attachment":[{"href":"https:\/\/www.billia.it\/parchotelbillia\/wp-json\/wp\/v2\/media?parent=2478"}],"curies":[{"name":"wp","href":"https:\/\/api.w.org\/{rel}","templated":true}]}}